{"id":132,"date":"2022-04-07T18:01:59","date_gmt":"2022-04-07T18:01:59","guid":{"rendered":"https:\/\/kiekrz.info\/?page_id=132"},"modified":"2022-04-25T12:53:41","modified_gmt":"2022-04-25T12:53:41","slug":"sponsorzy","status":"publish","type":"page","link":"https:\/\/www.kiekrz.info\/?page_id=132","title":{"rendered":"Sponsorzy"},"content":{"rendered":"\n<p>R\u00f3wnie\u017c Ty mo\u017cesz zosta\u0107 osob\u0105, firm\u0105, organizacj\u0105 wspieraj\u0105c\u0105 nasz rozw\u00f3j.<\/p>\n\n\n\n<p>Zapraszamy do kontaktu poprzez stron\u0119: www.szkolacelu.pl<\/p>\n","protected":false},"excerpt":{"rendered":"<p>R\u00f3wnie\u017c Ty mo\u017cesz zosta\u0107 osob\u0105, firm\u0105, organizacj\u0105 wspieraj\u0105c\u0105 nasz rozw\u00f3j. Zapraszamy do kontaktu poprzez stron\u0119: www.szkolacelu.pl<\/p>\n","protected":false},"author":1,"featured_media":0,"parent":0,"menu_order":0,"comment_status":"closed","ping_status":"closed","template":"","meta":{"footnotes":""},"class_list":["post-132","page","type-page","status-publish","hentry"],"_links":{"self":[{"href":"https:\/\/www.kiekrz.info\/index.php?rest_route=\/wp\/v2\/pages\/132","targetHints":{"allow":["GET"]}}],"collection":[{"href":"https:\/\/www.kiekrz.info\/index.php?rest_route=\/wp\/v2\/pages"}],"about":[{"href":"https:\/\/www.kiekrz.info\/index.php?rest_route=\/wp\/v2\/types\/page"}],"author":[{"embeddable":true,"href":"https:\/\/www.kiekrz.info\/index.php?rest_route=\/wp\/v2\/users\/1"}],"replies":[{"embeddable":true,"href":"https:\/\/www.kiekrz.info\/index.php?rest_route=%2Fwp%2Fv2%2Fcomments&post=132"}],"version-history":[{"count":3,"href":"https:\/\/www.kiekrz.info\/index.php?rest_route=\/wp\/v2\/pages\/132\/revisions"}],"predecessor-version":[{"id":359,"href":"https:\/\/www.kiekrz.info\/index.php?rest_route=\/wp\/v2\/pages\/132\/revisions\/359"}],"wp:attachment":[{"href":"https:\/\/www.kiekrz.info\/index.php?rest_route=%2Fwp%2Fv2%2Fmedia&parent=132"}],"curies":[{"name":"wp","href":"https:\/\/api.w.org\/{rel}","templated":true}]}}