{"id":448,"date":"2022-08-19T11:47:57","date_gmt":"2022-08-19T11:47:57","guid":{"rendered":"https:\/\/www.kiekrz.info\/?page_id=448"},"modified":"2022-08-19T11:52:23","modified_gmt":"2022-08-19T11:52:23","slug":"nasz-sponsor-generalny-geo-technika-pl","status":"publish","type":"page","link":"https:\/\/www.kiekrz.info\/?page_id=448","title":{"rendered":"Nasz sponsor generalny &#8211; Geo-Technika.pl"},"content":{"rendered":"<div class=\"wp-block-image\">\n<figure class=\"aligncenter size-full\"><img loading=\"lazy\" decoding=\"async\" width=\"210\" height=\"89\" src=\"https:\/\/www.kiekrz.info\/wp-content\/uploads\/2022\/08\/geo-technika.png\" alt=\"\" class=\"wp-image-447\"\/><\/figure>\n<\/div>\n\n\n<p>W ramach 15-sto letniego do\u015bwiadczenia mieli\u015bmy przyjemno\u015b\u0107 realizowa\u0107 prace w zakresie rozpoznania grunt\u00f3w przed zakupem nieruchomo\u015bci, przed budow\u0105 obiekt\u00f3w zabudowy jednorodzinnej, magazynowej, u\u017cyteczno\u015bci publicznej, inwestycji liniowych.<\/p>\n\n\n\n<p><strong>Poni\u017cej zamieszczamy g\u0142\u00f3wne obszary naszej dzia\u0142alno\u015bci:<\/strong><\/p>\n\n\n\n<ul class=\"wp-block-list\"><li><strong>wiercenia przed zakupem<\/strong>\u00a0terenu inwestycji\u00a0<strong>(dzia\u0142ki)<\/strong>\u00a0&#8211; rozpoznanie budowy geologicznej w celu zabezpieczenia naszego Klienta przed z\u0142ym zakupem,<\/li><li><strong>rozpoznanie budowy geologicznej wraz z charakterystyk\u0105 geotechniczn\u0105 grunt\u00f3w<\/strong>\u00a0przeznaczonych pod inwestycje budownictwa jednorodzinnego \u00a0\u00a0(wolnostoj\u0105cego) czy szeregowego (niskokondygnacyjnego),<br>&#8211;\u00a0rozpoznanie geologiczno &#8211; geotechniczne pod inwestycje liniowe\u00a0(drogi, autostrady),<br>&#8211; badanie stopnia zag\u0119szczenia oraz dynamicznego i statycznego modu\u0142u odkszta\u0142cenia,<br>&#8211; operaty wodnoprawne,<br>&#8211; dokumentacje hydrogeologiczne,<br>&#8211;\u00a0pobieramy pr\u00f3by \u015brodowiskowe w\u00f3d i grunt\u00f3w\u00a0na potrzeby analiz laboratoryjnych,<br>&#8211; <strong>rozpoznanie budowy geologicznej dzia\u0142ek przed zakupem oraz przed budow\u0105<\/strong> budynk\u00f3w ma\u0142ych, jednorodzinnych, jak i du\u017cych, kubaturowych.<\/li><\/ul>\n","protected":false},"excerpt":{"rendered":"<p>W ramach 15-sto letniego do\u015bwiadczenia mieli\u015bmy przyjemno\u015b\u0107 realizowa\u0107 prace w zakresie rozpoznania grunt\u00f3w przed zakupem nieruchomo\u015bci, przed budow\u0105 obiekt\u00f3w zabudowy jednorodzinnej, magazynowej, u\u017cyteczno\u015bci publicznej, inwestycji liniowych. Poni\u017cej zamieszczamy g\u0142\u00f3wne obszary naszej dzia\u0142alno\u015bci: wiercenia przed zakupem\u00a0terenu inwestycji\u00a0(dzia\u0142ki)\u00a0&#8211; rozpoznanie budowy geologicznej w celu zabezpieczenia naszego Klienta przed z\u0142ym zakupem, rozpoznanie budowy geologicznej wraz z charakterystyk\u0105 geotechniczn\u0105 grunt\u00f3w\u00a0przeznaczonych &hellip; <\/p>\n<p class=\"link-more\"><a href=\"https:\/\/www.kiekrz.info\/?page_id=448\" class=\"more-link\">Czytaj dalej<span class=\"screen-reader-text\"> \u201eNasz sponsor generalny &#8211; Geo-Technika.pl\u201d<\/span><\/a><\/p>\n","protected":false},"author":1,"featured_media":0,"parent":0,"menu_order":0,"comment_status":"closed","ping_status":"closed","template":"","meta":{"footnotes":""},"class_list":["post-448","page","type-page","status-publish","hentry"],"_links":{"self":[{"href":"https:\/\/www.kiekrz.info\/index.php?rest_route=\/wp\/v2\/pages\/448","targetHints":{"allow":["GET"]}}],"collection":[{"href":"https:\/\/www.kiekrz.info\/index.php?rest_route=\/wp\/v2\/pages"}],"about":[{"href":"https:\/\/www.kiekrz.info\/index.php?rest_route=\/wp\/v2\/types\/page"}],"author":[{"embeddable":true,"href":"https:\/\/www.kiekrz.info\/index.php?rest_route=\/wp\/v2\/users\/1"}],"replies":[{"embeddable":true,"href":"https:\/\/www.kiekrz.info\/index.php?rest_route=%2Fwp%2Fv2%2Fcomments&post=448"}],"version-history":[{"count":3,"href":"https:\/\/www.kiekrz.info\/index.php?rest_route=\/wp\/v2\/pages\/448\/revisions"}],"predecessor-version":[{"id":453,"href":"https:\/\/www.kiekrz.info\/index.php?rest_route=\/wp\/v2\/pages\/448\/revisions\/453"}],"wp:attachment":[{"href":"https:\/\/www.kiekrz.info\/index.php?rest_route=%2Fwp%2Fv2%2Fmedia&parent=448"}],"curies":[{"name":"wp","href":"https:\/\/api.w.org\/{rel}","templated":true}]}}